 = -5*s - 1. Let w(b) = -3*b**3 - 1. Let y be w(-1). Let l(u) = -11 + u + u**2 + 0*u**y - 4*u + 13. Give l(z).
0
Let q(w) be the second derivative of -w**4/12 - 2*w**3/3 + 3*w**2 - 10*w. Give q(-5).
1
Let m(v) = 5*v**2 - 10*v + 9. Let x(d) = -4*d**2 + 9*d - 7. Let o(s) = 5*m(s) + 6*x(s). Suppose 5*p = -8 - 2. Give o(p).
-1
Let t(z) be the second derivative of z**3/6 + 3*z**2 + 2*z. Let c be t(-6). Let s(p) = -p**2 + p. What is s(c)?
0
Let d(p) = p**3 + 11*p**2 + p + 2. Let y(i) = i**2 - i. Let f(x) = -d(x) + 4*y(x). Calculate f(-6).
-8
Let r(v) = 3*v - 7*v**2 - 1 + 8*v**2 - 1. Calculate r(-3).
-2
Let c(b) = 29*b + 9 - 26*b - 9. Calculate c(-1).
-3
Let d(v) = 2*v. Let a = -17 - -20. Suppose -a*n + 2*n - 4 = 0. Calculate d(n).
-8
Let x(w) = 3*w - 2. Let v(d) = -11*d - 5. Let i(a) = 4*a + 2. Let k(c) = 8*i(c) + 3*v(c). Let g(o) = -2*k(o) - x(o). What is g(4)?
-4
Let o(j) = -2 + 3 - 8*j - j. Determine o(1).
-8
Let b(s) be the third derivative of -s**7/420 + s**6/360 + s**5/120 - s**4/8 + s**2. Let r(f) be the second derivative of b(f). What is r(-1)?
-7
Let c = 10 + -13. Let b(m) = m**3 + 3*m**2 + 2*m + 2. Determine b(c).
-4
Let s(n) = -n**3 - 7*n**2 + 7*n - 6. Let h be s(-8). Let b(q) = -q - 6*q**3 - q**2 - 2 + h*q + 3. Let l = 6 - 7. What is b(l)?
5
Let g(s) = 3*s + 15. Let r be g(-4). Let x(n) be the second derivative of 0*n**2 + n + 0 + 1/2*n**r. Give x(-1).
-3
Let x(d) = -2*d - 2. Let l(s) = -s - 6 - 1 + 1 + 1. Let v be l(-11). Let f be ((-8)/v)/((-6)/(-18)). Give x(f).
6
Let j(p) = -2*p**2. Let m = -5 + 9. Suppose 3*a - a = m*h + 4, 0 = -4*h. What is j(a)?
-8
Let o(k) = 7*k**2 - 11*k + 10. Let x(z) = 10*z**2 - 17*z + 15. Let a(q) = -7*o(q) + 5*x(q). What is a(5)?
-10
Suppose 7*o - 30 = o. Let k(s) = -6*s - 5 + 3 + 0 + s**2. Give k(o).
-7
Let a(t) = t**2 - 6*t + 4. Let g be a(6). Let l(j) = -9 + 3 + g*j - 3*j. What is l(5)?
-1
Let o(m) be the third derivative of m**6/30 + m**3/6 + 14*m**2. Calculate o(1).
5
Let c(y) = -y**3 - 4*y**2 - 4*y. Let i = -49 + 46. Calculate c(i).
3
Let q(p) = -1 + 1 - 4*p - 4*p. Let a be (6/9)/(8/(-12)). Calculate q(a).
8
Let s(m) = 2*m - 4. Let f(p) = -3*p + 9. Let r(h) = -3*f(h) - 5*s(h). Calculate r(6).
-13
Let x = -19 - -12. Let r(z) = -z**3 - 6*z**2 + 8*z + 10. What is r(x)?
3
Let c(v) = -7*v + 7. Let u(p) be the second derivative of p**3/6 + 3*p. Let f(o) = c(o) + 6*u(o). What is f(6)?
1
Let a(b) = -b**3 + 0 - 2*b + 6*b**2 + 3*b - 2*b + 1. Give a(6).
-5
Let u(l) = 1. Let p(t) = -t - 2. Suppose -13 = 2*s - 3*i, 3*s + 22 = -0*s + 5*i. Let m(k) = s*p(k) + 3*u(k). Give m(1).
0
Let h(y) = -3*y - 3 + 2*y + 2. Let k be h(-2). Let r(f) = k - 1 + f. Calculate r(1).
1
Let n(x) = -2*x + 11. Let j(f) = -f**2 + 5*f + 14. Let s be j(6). Calculate n(s).
-5
Let g(v) = -v**3 + 2*v - 1. Let u be ((-4)/(-6))/(-2)*0. Suppose u = 5*n - b - 10, 2*n = 3*b - 7*b + 4. Let s be 3 - (-1 + 2)*n. What is g(s)?
0
Let u = 4 - 10. Let f(v) be the first derivative of -v**2/2 - 10*v + 4. Calculate f(u).
-4
Let h(l) = -l**3 + 7*l**2 - 5*l + 3. Let p be (2 - 1)*-2 - -8. Let g be h(p). Let a be (6/g)/(4/6). Let x(i) = -3*i - 1. Calculate x(a).
-4
Let a(d) = -5*d**2 - 8*d + 7. Let i(p) = -5*p**2 - 7*p + 6. Let g(h) = -5*a(h) + 6*i(h). Give g(-2).
-15
Let o be ((12/(-4))/3)/1. Let y(f) = 5*f**3 + f**2 + f + 1. Give y(o).
-4
Let l(u) be the third derivative of u**5/60 - u**4/12 - u**3/2 - 8*u**2. Calculate l(3).
0
Let y(z) = -8*z**2 - z - 2. Let u(n) = 7*n**2 + n + 2. Let c(b) = 7*u(b) + 6*y(b). Suppose -4 = -4*k + 6*k. Give c(k).
4
Let l(h) = 7*h + 1. Let x be (-70)/(-80) - (-2)/16. Give l(x).
8
Let p(y) = 4*y + y - 1 - 2*y. What is p(-3)?
-10
Let k(v) = -14*v + 28*v - 15*v - 2 + 1. Determine k(-6).
5
Let w(h) = 3*h + 2*h + 2 - 3*h. Determine w(-6).
-10
Let q(g) = -g. Let h(p) = p**2 + 2. Let d(m) = -h(m) + 2*q(m). Give d(-3).
-5
Suppose 4*v + 3 = 27. Let h(j) = j**3 - 6*j**2 + 6. Determine h(v).
6
Let o = -6 + 9. Let b(x) = 3*x - 2*x - 3*x + o. Let i = 12 - 7. What is b(i)?
-7
Let q(n) = -3*n - 11. Let s(v) = -2*v - 10. Let b(m) = 5*q(m) - 6*s(m). Let p(u) = u - 1. Let t(k) = -b(k) - 4*p(k). Let w = 7 + -11. What is t(w)?
3
Suppose 0 = -4*q + 4, -4*w + q - 4 = -3*q. Let a(v) = -12*v + w + 14*v - 3. What is a(3)?
3
Let c = 12 + -9. Let t be (-1)/(-1)*-3 + c. Let x(y) = -2 - 2*y + y - 2. Give x(t).
-4
Let b(o) be the first derivative of -1 + 1/2*o**2 + 6*o - 1/3*o**3. What is b(0)?
6
Let n(r) = -r. Let h = -103 + 97. Calculate n(h).
6
Let g = -41 + 34. Let r(b) = -b - 8. Calculate r(g).
-1
Suppose 0 = -2*a - 0*a. Let o be (a*(1 + -2))/(-1). Let c(f) = f**2 + o - 5*f + 0*f**2 + 1. Determine c(4).
-3
Let d(s) = s**2 + 5*s**3 + s**3 + s**3 - 8*s**3 - 1. What is d(-1)?
1
Let w be 7 + (6/3 - 4). Let l(o) be the third derivative of o**6/120 - o**5/12 + o**4/24 - o**3/6 + o**2. Give l(w).
4
Let s = 16 - 15. Let h(z) = -s + 2 + 1 - z**3 + 3*z. Determine h(-2).
4
Let q(r) be the third derivative of -r**5/60 + 5*r**4/24 - 5*r**3/6 - 2*r**2. Determine q(5).
-5
Let l(g) = -5*g**2 - g. Let j = 2 - -4. Let o = j + -7. What is l(o)?
-4
Suppose 0 = w + 2*b, -6*b + 27 = -5*w - 7*b. Let i(g) = -g**3 - 7*g**2 - 4*g + 8. Give i(w).
-4
Let k(f) be the second derivative of f**8/6720 + f**7/420 + f**6/180 - f**5/20 - f**4/4 + 9*f. Let i(z) be the third derivative of k(z). What is i(-5)?
-1
Let l(f) = -4*f - 26*f**2 - 14 + 0*f + 4*f. Let w(j) = 9*j**2 + 5. Let g(b) = 4*l(b) + 11*w(b). What is g(-1)?
-6
Let p(u) = -u + 2 + 384*u**2 - 385*u**2 + 2*u**3 - 1. Let w = -2 - -3. Determine p(w).
1
Let y be 8/28 - (-12)/7. Let v be 1 + -1 + y - 1. Let i(p) = 4*p**3 + 5*p**2 - 4. Let g(w) = w**2 - 1. Let o(x) = 4*g(x) - i(x). Determine o(v).
-5
Suppose 2*l = 4*k - 18, -k - l - 4 = -1. Let a(b) = -b**3 + b**2 + 2*b. Let r be a(k). Let o(f) = -7 + f**3 - 9*f - f**2 + 3*f + 7*f. Calculate o(r).
-7
Suppose -5*f = 4*v - 37, 5*v + 3*f - 27 = v. Suppose -v*j + 4*i = -22, 3*j - 24 = j + 5*i. Let k(g) = -g**2 + j + 0*g - 4 - 4*g. Determine k(-4).
-2
Let l(k) = -13*k**2 + 3*k + 5. Let y(g) = 19*g**2 - 5*g - 8. Let s(w) = -8*l(w) - 5*y(w). Give s(-1).
8
Let g(c) = -c**3 - 4*c**2 + c. Suppose 0 = -3*n - 16 + 4. What is g(n)?
-4
Let j(i) be the second derivative of i**4/12 - i**3/2 - i**2 - i. Let a = -160 + 165. Determine j(a).
8
Let y = 7 + -7. Suppose y = -2*n + 3*n - 2. Let f be 6*n/8*2. Let k(w) = -w**2 + w + 2. What is k(f)?
-4
Let d(j) = 7*j**3 - 6*j**2 + 6*j - 10. Let q(s) = 15*s**3 - 12*s**2 + 13*s - 21. Let w(p) = -13*d(p) + 6*q(p). Let m = 419 - 413. Give w(m).
4
Let d = 1 + -9. Let o(l) = -l**3 - 8*l**2 - 7. Determine o(d).
-7
Let n(a) = a**2 - 6*a + 5. Let l(q) = q + 6. Let m be l(-6). Let h = m - -3. Suppose -h + 21 = 3*i. What is n(i)?
5
Let h(s) = 5*s + 3. Let i(z) = -6*z - 4. Let m(p) = -5*h(p) - 4*i(p). Determine m(-6).
7
Let i = 23 - 17. Let u(x) = x**3 - 6*x**2 - x - 2. Determine u(i).
-8
Let s(w) = w**2 - 8*w + 5. Let z be s(7). Let u(d) = -d**3 + d - 2. What is u(z)?
4
Let a(m) = 187*m - 98*m - 88*m - 6. Let b(i) = i**2 + 5*i + 4. Let d be b(-5). Determine a(d).
-2
Let x(f) = f - 3. Let v = -38 - -35. Determine x(v).
-6
Let m(n) = -2*n - 1. Let u(l) = 5 - 2*l - 5 + 3*l. Let f(x) = -m(x) - u(x). Determine f(-2).
-1
Let v(r) = 2*r + 9. Suppose c + 2*c = 0. Suppose 3*h + c*h + 18 = 0. Calculate v(h).
-3
Suppose -19 = -0*n - n - 5*l, 11 = n + 3*l. Let f = n + 1. Let q(d) = 0 + 0 + 2*d**2 - d**3 - 3*d**2 + 3. Calculate q(f).
3
Let d be -8 + 8 - (-2 - -2). Let w(c) = 4*c**3 - 3*c**2 + c - 1. Let x(k) = -3*k**3 + 2*k**2 - k. Let q(y) = 2*w(y) + 3*x(y). What is q(d)?
-2
Let l be (-1 + 3)*(-8 - -7). Let w(k) = -k**2 + 7*k**2 + k**3 - 2*k**2 + 3*k. Give w(l).
2
Let t(i) = 3*i**2 - 2*i + 1. Let y be (2 - 1)/(-3)*-3. What is t(y)?
2
Let m(z) = -39*z**2 - 9*z + 9. Let f(v) be the third derivative of -v**5/6 - v**4/12 + v**3/3 - 3*v**2. Let p(h) = 9*f(h) - 2*m(h). Calculate p(1).
-12
Let f(b) be the third derivative of b**9/60480 + b**8/5040 + b**6/144 + b**5/60 + 7*b**2. Let j(c) be the third derivative of f(c). Calculate j(-4).
5
Let t(k) = k**2 - 2 + 1 - 5*k - 4*k**2 - 1. Determine t(-3).
-14
Let j(p) = -3*p - 2. Let x(z) = -3*z**3 + z**2. Suppose 0 = 5*b - 2*b - 15. Suppose b*t - 2 = 3. Let l be x(t). Give j(l).
4
Let r(w) = -2*w + 3. Let g be (3/(-6))/((-2)/16). Calculate r(g).